e 3) in base 5?
-114
-3 (base 7) to base 13
-3
Convert -2 (base 5) to base 8.
-2
What is -5 (base 10) in base 14?
-5
-101 (base 3) to base 12
-a
Convert -4 (base 8) to base 4.
-10
What is 12 (base 10) in base 12?
10
What is 432 (base 6) in base 5?
1124
What is 1 (base 5) in base 2?
1
What is 2 (base 10) in base 7?
2
323 (base 6) to base 3
11120
Convert 2e (base 15) to base 10.
44
What is -2 (base 11) in base 12?
-2
Convert 1 (base 14) to base 8.
1
Convert 2 (base 11) to base 14.
2
Convert 328 (base 10) to base 5.
2303
Convert 20 (base 14) to base 8.
34
e (base 15) to base 9
15
What is -2121 (base 3) in base 4?
-1012
-f (base 16) to base 9
-16
What is -3 (base 15) in base 11?
-3
Convert -18 (base 11) to base 12.
-17
What is 37 (base 8) in base 7?
43
Convert 2 (base 4) to base 3.
2
17 (base 9) to base 8
20
What is -8 (base 14) in base 10?
-8
Convert -13a (base 12) to base 13.
-118
-113 (base 9) to base 15
-63
Convert -48 (base 14) to base 10.
-64
-15 (base 9) to base 13
-11
Convert e (base 15) to base 2.
1110
What is 2 (base 10) in base 2?
10
What is -16 (base 13) in base 15?
-14
What is -1 (base 7) in base 2?
-1
-100001110 (base 2) to base 8
-416
What is -1000001 (base 2) in base 5?
-230
What is 21111 (base 3) in base 5?
1302
What is -20 (base 12) in base 14?
-1a
What is 0 (base 6) in base 9?
0
c2 (base 13) to base 12
112
-101 (base 3) to base 10
-10
-3 (base 12) to base 15
-3
-4d (base 14) to base 16
-45
Convert -2 (base 13) to base 8.
-2
What is -6 (base 15) in base 13?
-6
What is -14 (base 13) in base 8?
-21
What is 29 (base 15) in base 14?
2b
What is 7 (base 9) in base 8?
7
What is 2 (base 7) in base 11?
2
-7d (base 14) to base 13
-87
What is 9 (base 11) in base 7?
12
What is -16 (base 9) in base 7?
-21
-5 (base 6) to base 12
-5
-6 (base 9) to base 14
-6
-37 (base 9) to base 8
-42
What is -5 (base 11) in base 16?
-5
Convert 2 (base 10) to base 6.
2
Convert 1 (base 3) to base 11.
1
8 (base 15) to base 16
8
What is 13 (base 4) in base 13?
7
213 (base 11) to base 16
100
-5 (base 15) to base 5
-10
Convert 24 (base 9) to base 5.
42
Convert -123 (base 6) to base 15.
-36
Convert 112 (base 3) to base 12.
12
What is -52 (base 10) in base 12?
-44
-30 (base 16) to base 4
-300
-1c (base 14) to base 13
-20
What is 3 (base 14) in base 15?
3
94 (base 14) to base 11
109
What is 23 (base 15) in base 6?
53
What is -100100 (base 2) in base 16?
-24
9 (base 15) to base 11
9
250 (base 8) to base 10
168
6 (base 7) to base 9
6
What is 18 (base 15) in base 11?
21
Convert 100 (base 2) to base 13.
4
1 (base 11) to base 6
1
What is 11 (base 9) in base 14?
a
What is -3 (base 12) in base 10?
-3
Convert -22 (base 13) to base 9.
-31
-100 (base 2) to base 15
-4
Convert d (base 16) to base 8.
15
Convert -18 (base 16) to base 6.
-40
What is 3 (base 5) in base 16?
3
What is 4 (base 7) in base 12?
4
Convert 1 (base 8) to base 11.
1
What is -1b (base 13) in base 16?
-18
-1000101 (base 2) to base 11
-63
What is -53 (base 6) in base 14?
-25
What is 5 (base 16) in base 6?
5
-b (base 15) to base 12
-b
36 (base 7) to base 4
123
-19 (base 15) to base 6
-40
Convert 1e (base 16) to base 10.
30
What is -443 (base 6) in base 5?
-1141
Convert -54 (base 13) to base 7.
-126
-20 (base 9) to base 6
-30
78 (base 15) to base 5
423
Convert 20 (base 3) to base 11.
6
-5 (base 12) to base 9
-5
What is -12 (base 8) in base 5?
-20
Convert -21 (base 5) to base 13.
-b
What is -1 (base 10) in base 3?
-1
Convert -225 (base 7) to base 15.
-7c
102 (base 5) to base 4
123
Convert 462 (base 7) to base 9.
286
5 (base 14) to base 4
11
-a4 (base 11) to base 9
-136
What is -20 (base 7) in base 6?
-22
What is -25 (base 8) in base 5?
-41
Convert -1 (base 9) to base 10.
-1
-1 (base 5) to base 13
-1
Convert 1 (base 16) to base 14.
1
What is 16 (base 10) in base 2?
10000
1 (base 2) to base 5
1
What is -221 (base 4) in base 12?
-35
Convert 5 (base 7) to base 14.
5
Convert 10200 (base 3) to base 9.
120
Convert -10011 (base 2) to base 6.
-31
What is -515 (base 8) in base 6?
-1313
Convert -24 (base 9) to base 14.
-18
What is 1011 (base 2) in base 14?
b
Convert -7 (base 14) to base 9.
-7
What is a1 (base 16) in base 10?
161
Convert 103 (base 7) to base 10.
52
What is 7d (base 15) in base 8?
166
131 (base 4) to base 2
11101
What is -1011 (base 2) in base 5?
-21
What is 0 (base 9) in base 15?
0
What is -3 (base 5) in base 10?
-3
10100101 (base 2) to base 16
a5
What is 23 (base 16) in base 9?
38
-42 (base 10) to base 5
-132
-241 (base 8) to base 16
-a1
Convert 223 (base 6) to base 5.
322
What is -1 (base 3) in base 6?
-1
Convert 101 (base 2) to base 7.
5
What is 44 (base 7) in base 16?
20
What is 110 (base 2) in base 15?
6
-7 (base 13) to base 14
-7
Convert -3 (base 5) to base 7.
-3
What is 11 (base 3) in base 16?
4
What is 2c (base 13) in base 7?
53
-7 (base 16) to base 4
-13
-100 (base 3) to base 7
-12
-10 (base 3) to base 13
-3
0 (base 16) to base 5
0
-212 (base 3) to base 14
-19
-11 (base 3) to base 14
-4
-433 (base 7) to base 10
-220
Convert 10 (base 12) to base 7.
15
Convert 1 (base 2) to base 9.
1
What is -88 (base 14) in base 11?
-aa
Convert 3 (base 12) to base 3.
10
Convert 21 (base 11) to base 13.
1a
0 (base 14) to base 8
0
Convert -33 (base 11) to base 10.
-36
-101 (base 2) to base 7
-5
-1010101 (base 2) to base 13
-67
Convert -85 (base 13) to base 4.
-1231
What is 100 (base 2) in base 11?
4
What is 4 (base 11) in base 15?
4
18 (base 9) to base 5
32
What is 213 (base 6) in base 7?
144
Convert -63 (base 11) to base 9.
-76
Convert 21 (base 8) to base 14.
13
What is 23 (base 6) in base 9?
16
13 (base 8) to base 2
1011
Convert 101011110 (base 2) to base 10.
350
Convert 5 (base 7) to base 4.
11
-2002 (base 3) to base 12
-48
1002 (base 6) to base 11
189
What is 141 (base 8) in base 4?
1201
Convert -4 (base 8) to base 16.
-4
Convert 0 (base 5) to base 8.
0
3 (base 4) to base 6
3
Convert 8 (base 11) to base 6.
12
-5 (base 15) to base 8
-5
What is 1a (base 12) in base 16?
16
-10 (base 5) to base 12
-5
2 (base 14) to base 11
2
What is 14 (base 5) in base 15?
9
Convert 36 (base 16) to base 15.
39
Convert -10111010 (base 2) to base 11.
-15a
Convert -14 (base 13) to base 8.
-21
Convert 227 (base 8) to base 16.
97
Convert -3 (base 15) to base 12.
-3
Convert 402 (base 6) to base 12.
102
1a (base 15) to base 9
27
Convert -3 (base 15) to base 4.
-3
0 (base 13) to base 11
0
What is -1101000 (base 2) in base 15?
-6e
Convert 32 (base 6) to base 4.
110
-51 (base 8) to base 16
-29
-11 (base 5) to base 10
-6
What is -5 (base 16) in base 3?
-12
What is 6 (base 8) in base 2?
110
11 (base 3) to base 9
4
What is -14 (base 7) in base 2?
-1011
What is 2 (base 10) in base 11?
2
Convert 5 (base 6) to base 10.
5
What is -13 (base 4) in base 7?
-10
Convert -22 (base 11) to base 6.
-40
Convert -6 (base 13) to base 7.
-6
What is -9 (base 11) in base 15?
-9
-1 (base 5) to base 16
-1
What is 1030 (base 4) in base 13?
5b
What is 4 (base 12) in base 7?
4
Convert 3 (base 13) to base 8.
3
Convert -213 (base 6) to base 11.
-74
Convert -5 (base 6) to base 4.
-11
Convert 23 (base 7) to base 10.
17
Convert -3 (base 7) to base 2.
-11
Convert 13 (base 7) to base 16.
a
214 (base 5) to base 10
59
What is -2 (base 13) in base 16?
-2
-76 (base 13) to base 14
-6d
58 (base 10) to base 12
4a
What is -3 (base 8) in base 3?
-10
-228 (base 9) to base 8
-274
-32 (base 10) to base 9
-35
-1 (base 8) to base 9
-1
Convert 27 (base 8) to base 15.
18
31 (base 5) to base 4
100
4c (base 16) to base 7
136
Convert -b (base 12) to base 13.
-b
111 (base 2) to base 15
7
What is -17 (base 16) in base 2?
-10111
Convert 0 (base 14) to base 8.
0
What is 2 (base 10) in base 16?
2
What is 4 (base 13) in base 2?
100
What is 28 (base 16) in base 6?
104
What is -1 (base 7) in base 15?
-1
What is -243 (base 5) in base 10?
-73
13 (base 7) to base 14
a
Convert -1 (base 11) to base 8.
-1
Convert 21 (base 4) to base 10.
9
2 (base 15) to base 10
2
2 (base 9) to base 8
2
Convert 2 (base 9) to base 13.
2
-23 (base 8) to base 14
-15
Convert -2 (base 5) to base 10.
-2
What is -10 (base 11) in base 4?
-23
Convert 55 (base 6) to base 10.
35
What is -1010 (base 4) in base 15?
-48
Convert 110 (base 2) to base 5.
11
Convert 4 (base 9) to base 10.
4
What is 5 (base 12) in base 15?
5
Convert -2201 (base 3